{"id":113,"date":"2025-09-18T13:14:53","date_gmt":"2025-09-18T13:14:53","guid":{"rendered":"https:\/\/snscompany.rs\/?page_id=113"},"modified":"2025-09-18T17:43:02","modified_gmt":"2025-09-18T17:43:02","slug":"o-nama","status":"publish","type":"page","link":"https:\/\/snscompany.rs\/?page_id=113","title":{"rendered":"O nama"},"content":{"rendered":"\t\t<div data-elementor-type=\"wp-page\" data-elementor-id=\"113\" class=\"elementor elementor-113\" data-elementor-post-type=\"page\">\n\t\t\t\t<div class=\"elementor-element elementor-element-2cfed18 e-flex e-con-boxed e-con e-parent\" data-id=\"2cfed18\" data-element_type=\"container\" data-e-type=\"container\">\n\t\t\t\t\t<div class=\"e-con-inner\">\n\t\t<div class=\"elementor-element elementor-element-05bf9e7 e-grid e-con-full e-con e-child\" data-id=\"05bf9e7\" data-element_type=\"container\" data-e-type=\"container\">\n\t\t\t\t<div class=\"elementor-element elementor-element-16d5560 elementor-widget elementor-widget-image\" data-id=\"16d5560\" data-element_type=\"widget\" data-e-type=\"widget\" data-widget_type=\"image.default\">\n\t\t\t\t\t\t\t\t\t\t\t\t\t\t\t<img fetchpriority=\"high\" decoding=\"async\" width=\"662\" height=\"317\" src=\"https:\/\/snscompany.rs\/wp-content\/uploads\/2025\/09\/NicePng_bulbs-png_2522341.png\" class=\"attachment-large size-large wp-image-82\" alt=\"\" srcset=\"https:\/\/snscompany.rs\/wp-content\/uploads\/2025\/09\/NicePng_bulbs-png_2522341.png 662w, https:\/\/snscompany.rs\/wp-content\/uploads\/2025\/09\/NicePng_bulbs-png_2522341-300x144.png 300w, https:\/\/snscompany.rs\/wp-content\/uploads\/2025\/09\/NicePng_bulbs-png_2522341-600x287.png 600w\" sizes=\"(max-width: 662px) 100vw, 662px\" \/>\t\t\t\t\t\t\t\t\t\t\t\t\t\t\t<\/div>\n\t\t\t\t<\/div>\n\t\t<div class=\"elementor-element elementor-element-64d6721 e-con-full e-flex e-con e-child\" data-id=\"64d6721\" data-element_type=\"container\" data-e-type=\"container\">\n\t\t\t\t<div class=\"elementor-element elementor-element-3ac43ef elementor-widget elementor-widget-heading\" data-id=\"3ac43ef\" data-element_type=\"widget\" data-e-type=\"widget\" data-widget_type=\"heading.default\">\n\t\t\t\t\t<h2 class=\"elementor-heading-title elementor-size-default\">Ko smo mi?<\/h2>\t\t\t\t<\/div>\n\t\t\t\t<\/div>\n\t\t\t\t<div class=\"elementor-element elementor-element-b0a593c elementor-widget elementor-widget-text-editor\" data-id=\"b0a593c\" data-element_type=\"widget\" data-e-type=\"widget\" data-widget_type=\"text-editor.default\">\n\t\t\t\t\t\t\t\t\t<p>Dugi niz godina strastveno se bavimo elektromaterijalom, prate\u0107i ritam industrije <strong>od 2003.<\/strong> godine. Sme\u0161teni smo u <strong>Ba\u010dkoj Palanci<\/strong>, pru\u017eaju\u0107i ne\u0161to druga\u010dije \u2013 prakti\u010dnost bez suvi\u0161nih re\u010di.<\/p><p>Na\u0161a veleprodaja predstavlja doma\u0107ina inovacija, kao ekskluzivni zastupnici i distributeri brenda <strong>ATRA<\/strong>. Uz nas, elektromaterijal postaje ne\u0161to vi\u0161e od obi\u010dnih komponenti \u2013 postaje deo va\u0161e efikasne svakodnevice.<\/p><p>U na\u0161em raznovrsnom asortimanu, prona\u0107i \u0107ete od <strong>LED reflektora do priklju\u010dnica, razvodnika, podsklopova i kablova<\/strong>. Ovde nema suvi\u0161nih re\u010di, samo proizvodi koji rade posao onako kako treba.<\/p><p>Jednostavno, prakti\u010dno, autenti\u010dno \u2013 jer elektromaterijal ne mora biti komplikovan. Do\u0111ite do nas u Ba\u010dkoj Palanci i otkrijte svet elektromaterijala bez nepotrebnih dodataka.<\/p>\t\t\t\t\t\t\t\t<\/div>\n\t\t\t\t\t<\/div>\n\t\t\t\t<\/div>\n\t\t<div class=\"elementor-element elementor-element-d218b1f e-flex e-con-boxed e-con e-parent\" data-id=\"d218b1f\" data-element_type=\"container\" data-e-type=\"container\">\n\t\t\t\t\t<div class=\"e-con-inner\">\n\t\t\t\t<div class=\"elementor-element elementor-element-933938e elementor-widget elementor-widget-google_maps\" data-id=\"933938e\" data-element_type=\"widget\" data-e-type=\"widget\" data-widget_type=\"google_maps.default\">\n\t\t\t\t\t\t\t<div class=\"elementor-custom-embed\">\n\t\t\t<iframe loading=\"lazy\"\n\t\t\t\t\tsrc=\"https:\/\/maps.google.com\/maps?q=vukice%20mitrovic%2042%20backa%20palanka&#038;t=m&#038;z=17&#038;output=embed&#038;iwloc=near\"\n\t\t\t\t\ttitle=\"vukice mitrovic 42 backa palanka\"\n\t\t\t\t\taria-label=\"vukice mitrovic 42 backa palanka\"\n\t\t\t><\/iframe>\n\t\t<\/div>\n\t\t\t\t\t\t<\/div>\n\t\t\t\t\t<\/div>\n\t\t\t\t<\/div>\n\t\t\t\t<\/div>\n\t\t","protected":false},"excerpt":{"rendered":"<p>Ko smo mi? Dugi niz godina strastveno se bavimo elektromaterijalom, prate\u0107i ritam industrije od 2003. godine. Sme\u0161teni smo u Ba\u010dkoj Palanci, pru\u017eaju\u0107i ne\u0161to druga\u010dije \u2013 prakti\u010dnost bez suvi\u0161nih re\u010di. Na\u0161a&hellip;<\/p>\n","protected":false},"author":1,"featured_media":0,"parent":0,"menu_order":0,"comment_status":"closed","ping_status":"closed","template":"","meta":{"footnotes":""},"class_list":["post-113","page","type-page","status-publish","hentry"],"_links":{"self":[{"href":"https:\/\/snscompany.rs\/index.php?rest_route=\/wp\/v2\/pages\/113","targetHints":{"allow":["GET"]}}],"collection":[{"href":"https:\/\/snscompany.rs\/index.php?rest_route=\/wp\/v2\/pages"}],"about":[{"href":"https:\/\/snscompany.rs\/index.php?rest_route=\/wp\/v2\/types\/page"}],"author":[{"embeddable":true,"href":"https:\/\/snscompany.rs\/index.php?rest_route=\/wp\/v2\/users\/1"}],"replies":[{"embeddable":true,"href":"https:\/\/snscompany.rs\/index.php?rest_route=%2Fwp%2Fv2%2Fcomments&post=113"}],"version-history":[{"count":10,"href":"https:\/\/snscompany.rs\/index.php?rest_route=\/wp\/v2\/pages\/113\/revisions"}],"predecessor-version":[{"id":6168,"href":"https:\/\/snscompany.rs\/index.php?rest_route=\/wp\/v2\/pages\/113\/revisions\/6168"}],"wp:attachment":[{"href":"https:\/\/snscompany.rs\/index.php?rest_route=%2Fwp%2Fv2%2Fmedia&parent=113"}],"curies":[{"name":"wp","href":"https:\/\/api.w.org\/{rel}","templated":true}]}}